eatest common factor of n and c?
10
Let v(p) = p**2 - 4*p - 15. Let k(r) = -r**3 + 7*r**2 - 6*r - 6. Let b be k(6). Let o be v(b). What is the highest common factor of o and 9?
9
Suppose 112 = z + 3*z. Suppose -13*n = -9*n - 224. What is the highest common divisor of z and n?
28
Let x be (-2)/(2/(-28)*1). What is the highest common factor of x and 112?
28
Let j = 16 - 10. Suppose 0 = 12*p + 57 - 129. What is the highest common factor of p and j?
6
Let k(g) = g**3 + 10*g**2 + 7*g - 14. Suppose -2*v - 35 = 3*b, 3*v - 12 = 3*b + 3. Let t be k(b). Calculate the greatest common factor of 32 and t.
4
Suppose -3*c - t + 272 = c, -2*t = c - 68. What is the highest common divisor of 4 and c?
4
Let g(n) = 13*n**3 - n**2. Let t be g(1). Suppose 3*w - 12 = t. Let u = w - -1. Calculate the greatest common divisor of u and 3.
3
Let u(h) = 4*h**3 + 4*h - 2. Let b be u(3). Let a = b + -88. Calculate the greatest common factor of 15 and a.
15
Let u(c) = 2*c + 12. Let d be u(-4). Suppose 0 = 3*k + 6, -436 = -d*b - 3*k + 790. What is the highest common divisor of 28 and b?
28
Suppose 0 = -6*b + 4*b + 220. Suppose 4*x + 20 = 64. Calculate the highest common factor of x and b.
11
Let g be (154/33)/((-2)/3). Let h = g - -17. Let c(a) = -2*a - 2. Let n be c(-6). What is the greatest common divisor of n and h?
10
Suppose 12*o - 350 = 7*o. Suppose -252 = 66*x - o*x. Calculate the greatest common divisor of 18 and x.
9
Let b(n) = -3*n - 8. Let k be b(-6). Let x(f) = -f + 14. Let m be x(k). Suppose 83 = c - 2*p - 21, -p = m. Calculate the greatest common factor of c and 12.
12
Let v(b) = -47*b + 22. Let x be v(-1). Calculate the highest common factor of x and 115.
23
Let d(a) = -a + 2. Let s be d(0). Suppose s*n = 26 + 6. Let j be ((-32)/(-6))/(n/24). What is the highest common divisor of 88 and j?
8
Suppose -31*w + 3210 = -1626. What is the greatest common factor of w and 168?
12
Let t(f) = f**2 - 4*f + 6. Let b be t(2). Suppose 5*d + 0*d - 78 = -4*s, -28 = -b*s + 3*d. What is the greatest common divisor of s and 17?
17
Let z = -32 + 37. Let b be z + 8 + 1 + -2. What is the highest common factor of 96 and b?
12
Let y(j) be the second derivative of 23*j**4/12 - j**3/6 - 9*j. Let c be y(-1). Suppose -3*k = -2*k - 3. Calculate the highest common divisor of c and k.
3
Suppose -1475 = -5*n - 0*n. Suppose 5*w - 5*p - n = w, w + p - 67 = 0. Calculate the greatest common divisor of w and 10.
10
Let l be (-252)/45 + 4/(-10) + 328. What is the highest common factor of 23 and l?
23
Suppose -3*k = -31 - 26. Suppose b - 5 = 0, k - 47 = -i - 4*b. Suppose -3*w + 5 = 2*w. Calculate the highest common divisor of w and i.
1
Suppose -3*m = 15, -11*d + 8*d + 2*m = -37. Let l(z) = -5*z + 71*z**3 + 0*z + 5*z + z. Let t be l(1). Calculate the greatest common divisor of t and d.
9
Let q = 365 + -200. What is the highest common factor of 75 and q?
15
Suppose -1137*i = m - 1132*i - 43, 5*m - 95 = 5*i. What is the greatest common factor of m and 2944?
23
Suppose 0 = 92*o - 94*o - 5*l + 656, -5*o + 3*l = -1671. What is the greatest common divisor of 555 and o?
111
Let r(h) = 57*h + 380. Let g be r(13). Calculate the greatest common factor of g and 59.
59
Let v(w) = -2 + 0 + w + 8*w + 4*w. Let b be v(19). Calculate the highest common factor of b and 35.
35
Suppose -648 = -24*h + 1224. Calculate the greatest common factor of 234 and h.
78
Let r(n) = -2*n**2 - 9*n + 6. Let y be r(-6). Let i = -9 - y. Let h be 1/i - 51/(-9). What is the greatest common divisor of h and 18?
6
Let p be 20/(-1 + -3 - -6). Let z(r) = -r**3 - 2. Let o be z(0). Let m(j) = -25*j. Let x be m(o). What is the greatest common factor of p and x?
10
Let q = 14 + -14. Suppose 2*h + 2*h - 56 = q. What is the highest common divisor of 4 and h?
2
Let n(q) = -4*q**2 + 28*q - 16. Let g be n(6). Calculate the highest common divisor of 552 and g.
8
Let s(t) = 4*t - 5. Let x be s(2). Suppose -x*f = -2*b - 13 - 18, b - 12 = -f. Calculate the highest common factor of 1 and f.
1
Suppose -27*v = -9*v - 4590. What is the greatest common factor of 45 and v?
15
Let y = 202 - 134. Let b = -65 + y. Let k be (8*5)/2 + 1. Calculate the highest common divisor of b and k.
3
Let u(h) = 12*h**2 + h. Let d(t) = t**2 + 4*t - 6. Let k be d(-5). Let y be u(k). Calculate the highest common divisor of y and 33.
11
Let g be (-219)/(-15) - (-4)/10. Let l = g - -3. Calculate the highest common factor of 18 and l.
18
Let f(l) = 449*l + 12. Let q be f(1). Suppose 2*m + 2*m - 1204 = 0. Let b = q - m. Calculate the highest common divisor of b and 32.
32
Let f be (38/4 + -8)/(9/60). Calculate the greatest common divisor of 5 and f.
5
Suppose 15*m = 11*m + 52. Let x(v) = v**3 - 14*v**2 + 16*v - 7. Let a be x(m). What is the highest common divisor of a and 160?
32
Let b = 24 - 29. Let n(u) = -12*u - 16. Let g be n(b). Calculate the greatest common divisor of 4 and g.
4
Let i = -3 - -2. Let t be i/((-4 - -3)/5). Suppose -t*j + 85 = 5*b, -5*b = -3*b. Calculate the greatest common divisor of 153 and j.
17
Let y be (-72)/84*14/2. Let j be 4/y - (-75)/(-18)*-16. Calculate the highest common factor of 44 and j.
22
Let j be (20/70)/(6/840). Calculate the highest common divisor of j and 130.
10
Let a be 3*(6 + -3)/(27/12). Suppose -12*i = -a*i - 504. Calculate the highest common divisor of 693 and i.
63
Suppose 0*g + 5*g = 1590. Let m = g + -136. What is the highest common factor of m and 26?
26
Let o be 0*5/25 - (-2 + 1). Let s be (5 - 3)/(o/7). What is the greatest common divisor of s and 140?
14
Let j = 10 - 8. Suppose -j*y + 5*y - 567 = 0. Calculate the greatest common divisor of 27 and y.
27
Let w(t) = t**3 + 22*t**2 - 8*t - 3. Let h be w(-23). Let u be 21/(2*(-9)/h). Calculate the highest common factor of u and 58.
58
Let h(k) = 29*k**3 - k**2 - 3*k + 3. Let p be h(1). Let s = 39 - p. What is the highest common divisor of s and 11?
11
Let c = -5 - -13. Let v(q) = 4*q - 20. Let t be v(c). What is the highest common factor of t and 84?
12
Suppose -3*v = -v - 848. Suppose 5*r + 24 = v. Let c be 102/5 + (-6)/15. Calculate the highest common divisor of c and r.
20
Let u = 56 - 14. What is the highest common divisor of u and 56?
14
Let g = 12 + -8. Let f(w) = 9*w - 9. Let n be f(g). Calculate the highest common factor of n and 243.
27
Let k(r) = 2*r**2 - 4*r - 12. Let x be k(4). What is the greatest common divisor of 1 and x?
1
Let h = 269 - 158. Calculate the greatest common factor of h and 444.
111
Let c = -7 - -7. Let q be (c/(-1))/(10/(-5)). Suppose 5*w - 2*r - 84 = q, 3*r = 3*w - 60 + 15. What is the greatest common factor of 27 and w?
9
Let m be 20 + (-1 - (-2 + 2)). Let q be (-304)/(-24)*(-9)/(-6). What is the greatest common factor of q and m?
19
Let j(s) = s**3 - 4*s**2 - 6*s + 11. Let i be j(5). Let v be 16/4 - (i - 18). Calculate the greatest common divisor of 40 and v.
8
Let d be (-2)/(-5) - 423/(-5). Suppose 23 + 80 = 3*a - w, -5*a = 2*w - 168. What is the greatest common divisor of d and a?
17
Suppose -27 = -5*t - 17. Suppose t*s + s = 5*u - 25, 25 = 5*u - s. Calculate the greatest common factor of u and 35.
5
Suppose 13*m + 3 = 224. Suppose m = -2*a + 89. Calculate the greatest common divisor of 48 and a.
12
Suppose 5 = 5*s - 55. Let u = s + 6. Let t be (2/(-4))/(2/(-792)). What is the greatest common factor of u and t?
18
Let j(l) = l**3 + l**2 - l - 1. Let p be j(2). Suppose -6*s + p*s = 225. Calculate the highest common divisor of 15 and s.
15
Let g = 310 + -220. Calculate the highest common factor of g and 40.
10
Let l = 22 - 4. Let d = l - 15. Suppose -4*b = 2*x - 22, -4*x + 20 = 5*b - 3*x. What is the greatest common factor of b and d?
3
Let n = -19 - -47. Suppose n*s = 27*s + 128. Let k = -17 - -33. Calculate the highest common divisor of s and k.
16
Suppose -41 = -4*x - 2*p - 9, -3*x = 2*p - 24. What is the highest common divisor of x and 13?
1
Suppose -2*y - 3*y = -x - 43, 8 = 4*x. Let v(w) = -w + 1. Let c be v(-2). What is the greatest common factor of y and c?
3
Suppose -2*i - 3*p = -13, -5*i = 5*p + 3 - 28. Let g be 3*(6/9)/1. Calculate the greatest common divisor of i and g.
2
Let u(r) = -6*r**2 - 8*r + 5. Let y(p) = 5*p**2 + 7*p - 4. Let q(h) = 4*u(h) + 5*y(h). Let x be q(-5). What is the highest common factor of x and 30?
10
Let t be 4655/247